{"id":1234,"date":"2025-08-26T12:42:23","date_gmt":"2025-08-26T17:42:23","guid":{"rendered":"https:\/\/systisen.com\/index.php\/product\/esp32-cam-modulo-wifi-con-bluetooth-y-camara\/"},"modified":"2025-08-26T12:42:24","modified_gmt":"2025-08-26T17:42:24","slug":"esp32-cam-modulo-wifi-con-bluetooth-y-camara","status":"publish","type":"product","link":"https:\/\/systisen.com\/index.php\/product\/esp32-cam-modulo-wifi-con-bluetooth-y-camara\/","title":{"rendered":"ESP32 &#8211; CAM modulo Wifi con bluetooth y c\u00e1mara"},"content":{"rendered":"<p>ESP32-CAM, es un dispositivo que puede llamarse un todo en uno. Aparte de la conectividad Wifi y Bluetooth que viene de f\u00e1brica, pines GPIO, se le han a\u00f1adido dos opciones m\u00e1s. Lleva integrado una peque\u00f1a c\u00e1mara de video y una conexi\u00f3n para una tarjeta MicroSD, donde podremos almacenar fotos o videos.<br \/>\nAplicaciones t\u00edpicas:<br \/>\nToma de fotos.<br \/>\nStreaming de video.<br \/>\nReconocimiento facial.<br \/>\nDetector de movimiento.<br \/>\nEspecificaciones t\u00e9cnicas:<\/p>\n<p>M\u00f3dulo ESP32-S: junto con la antena Wifi incorporada componen el ESP32<br \/>\nWi-Fi: 802.11b\/g\/n\/e\/i<br \/>\nSeguridad: WPA\/WPA2\/WPA2-Enterprise\/WPS<br \/>\nCPU: 32-bit CPU de bajo consumo (2 cores).<br \/>\nVelocidad de reloj: hasta 160 MHz.<br \/>\nBluetooth: Bluetooth 4.2 con BLE.<br \/>\nInterfaces: UART, SPI, I2C and PWM. Hasta 9 pines GPIO<br \/>\nRAM: 520 KB SRAM, externa 4 MB PSRAM<br \/>\nSoporte microSD: hasta 4GB<br \/>\nM\u00faltiples modos de reposo (sleep modes):<br \/>\nDeep-sleep: m\u00e1ximo bajo consumo que puede alcanzar 6mA@5V.<br \/>\nModerm-sleep: hasta 20mA@5V.<br \/>\nLight-sleep: hasta 6.7mA@5V.<br \/>\nFirmware actualizable a trav\u00e9s de OTA (Over-The-Air).<br \/>\nFlash incorporado.<br \/>\nVoltaje de alimentaci\u00f3n: 5\u202fV.<br \/>\nConector de antena externa: en situaci\u00f3n de comunicaciones poco estables se puede a\u00f1adir una antena externa.<\/p>\n<p>C\u00e1mara:<br \/>\nSoporte para c\u00e1maras OV2640 y OV7670.<br \/>\nJPEG (OV2640 soportada), BMP, GRAYSCALE.<br \/>\nSensor 2 Megapixel.<br \/>\nResoluci\u00f3n UXGA 1622\u00d71200 px.<br \/>\nTransferencia de imagen entre 15 y 60 FPS.<\/p>\n<p>Incluye<\/p>\n<p>ESP32 &#8211; CAM modulo Wifi con bluetooth y c\u00e1mara<\/p>\n","protected":false},"excerpt":{"rendered":"<p>ESP32-CAM, es un dispositivo que puede llamarse un todo en uno. Aparte de la conectividad Wifi y Bluetooth que viene de f\u00e1brica, pines GPIO, se le han a\u00f1adido dos opciones m\u00e1s. Lleva integrado una peque\u00f1a c\u00e1mara de video y una conexi\u00f3n para una tarjeta MicroSD, donde podremos almacenar fotos o videos. Aplicaciones t\u00edpicas: Toma de [&hellip;]<\/p>\n","protected":false},"featured_media":1136,"template":"","meta":{"site-sidebar-layout":"default","site-content-layout":"","ast-site-content-layout":"default","site-content-style":"default","site-sidebar-style":"default","ast-global-header-display":"","ast-banner-title-visibility":"","ast-main-header-display":"","ast-hfb-above-header-display":"","ast-hfb-below-header-display":"","ast-hfb-mobile-header-display":"","site-post-title":"","ast-breadcrumbs-content":"","ast-featured-img":"","footer-sml-layout":"","theme-transparent-header-meta":"","adv-header-id-meta":"","stick-header-meta":"","header-above-stick-meta":"","header-main-stick-meta":"","header-below-stick-meta":"","astra-migrate-meta-layouts":"default","ast-page-background-enabled":"default","ast-page-background-meta":{"desktop":{"background-color":"var(--ast-global-color-4)","background-image":"","background-repeat":"repeat","background-position":"center center","background-size":"auto","background-attachment":"scroll","background-type":"","background-media":"","overlay-type":"","overlay-color":"","overlay-opacity":"","overlay-gradient":""},"tablet":{"background-color":"","background-image":"","background-repeat":"repeat","background-position":"center center","background-size":"auto","background-attachment":"scroll","background-type":"","background-media":"","overlay-type":"","overlay-color":"","overlay-opacity":"","overlay-gradient":""},"mobile":{"background-color":"","background-image":"","background-repeat":"repeat","background-position":"center center","background-size":"auto","background-attachment":"scroll","background-type":"","background-media":"","overlay-type":"","overlay-color":"","overlay-opacity":"","overlay-gradient":""}},"ast-content-background-meta":{"desktop":{"background-color":"var(--ast-global-color-5)","background-image":"","background-repeat":"repeat","background-position":"center center","background-size":"auto","background-attachment":"scroll","background-type":"","background-media":"","overlay-type":"","overlay-color":"","overlay-opacity":"","overlay-gradient":""},"tablet":{"background-color":"var(--ast-global-color-5)","background-image":"","background-repeat":"repeat","background-position":"center center","background-size":"auto","background-attachment":"scroll","background-type":"","background-media":"","overlay-type":"","overlay-color":"","overlay-opacity":"","overlay-gradient":""},"mobile":{"background-color":"var(--ast-global-color-5)","background-image":"","background-repeat":"repeat","background-position":"center center","background-size":"auto","background-attachment":"scroll","background-type":"","background-media":"","overlay-type":"","overlay-color":"","overlay-opacity":"","overlay-gradient":""}},"_joinchat":[]},"product_brand":[],"product_cat":[34],"product_tag":[40],"class_list":{"0":"post-1234","1":"product","2":"type-product","3":"status-publish","4":"has-post-thumbnail","6":"product_cat-modulos-de-desarrollo","7":"product_tag-esp32cam-modulo-wifi-con-bluetooth-y-camara","8":"desktop-align-left","9":"tablet-align-left","10":"mobile-align-left","12":"first","13":"instock","14":"taxable","15":"shipping-taxable","16":"purchasable","17":"product-type-simple"},"yoast_head":"<!-- This site is optimized with the Yoast SEO Premium plugin v21.5 (Yoast SEO v25.7) - https:\/\/yoast.com\/wordpress\/plugins\/seo\/ -->\n<title>ESP32 - CAM modulo Wifi con bluetooth y c\u00e1mara - Systisen<\/title>\n<meta name=\"robots\" content=\"index, follow, max-snippet:-1, max-image-preview:large, max-video-preview:-1\" \/>\n<link rel=\"canonical\" href=\"https:\/\/systisen.com\/index.php\/product\/esp32-cam-modulo-wifi-con-bluetooth-y-camara\/\" \/>\n<meta property=\"og:locale\" content=\"es_ES\" \/>\n<meta property=\"og:type\" content=\"article\" \/>\n<meta property=\"og:title\" content=\"ESP32 - CAM modulo Wifi con bluetooth y c\u00e1mara\" \/>\n<meta property=\"og:description\" content=\"ESP32-CAM, es un dispositivo que puede llamarse un todo en uno. Aparte de la conectividad Wifi y Bluetooth que viene de f\u00e1brica, pines GPIO, se le han a\u00f1adido dos opciones m\u00e1s. Lleva integrado una peque\u00f1a c\u00e1mara de video y una conexi\u00f3n para una tarjeta MicroSD, donde podremos almacenar fotos o videos. Aplicaciones t\u00edpicas: Toma de [&hellip;]\" \/>\n<meta property=\"og:url\" content=\"https:\/\/systisen.com\/index.php\/product\/esp32-cam-modulo-wifi-con-bluetooth-y-camara\/\" \/>\n<meta property=\"og:site_name\" content=\"Systisen\" \/>\n<meta property=\"article:modified_time\" content=\"2025-08-26T17:42:24+00:00\" \/>\n<meta name=\"twitter:card\" content=\"summary_large_image\" \/>\n<meta name=\"twitter:label1\" content=\"Tiempo de lectura\" \/>\n\t<meta name=\"twitter:data1\" content=\"1 minuto\" \/>\n<script type=\"application\/ld+json\" class=\"yoast-schema-graph\">{\"@context\":\"https:\/\/schema.org\",\"@graph\":[{\"@type\":\"WebPage\",\"@id\":\"https:\/\/systisen.com\/index.php\/product\/esp32-cam-modulo-wifi-con-bluetooth-y-camara\/\",\"url\":\"https:\/\/systisen.com\/index.php\/product\/esp32-cam-modulo-wifi-con-bluetooth-y-camara\/\",\"name\":\"ESP32 - CAM modulo Wifi con bluetooth y c\u00e1mara - Systisen\",\"isPartOf\":{\"@id\":\"https:\/\/systisen.com\/#website\"},\"primaryImageOfPage\":{\"@id\":\"https:\/\/systisen.com\/index.php\/product\/esp32-cam-modulo-wifi-con-bluetooth-y-camara\/#primaryimage\"},\"image\":{\"@id\":\"https:\/\/systisen.com\/index.php\/product\/esp32-cam-modulo-wifi-con-bluetooth-y-camara\/#primaryimage\"},\"thumbnailUrl\":\"https:\/\/systisen.com\/wp-content\/uploads\/2025\/08\/7.-ESP32-CAM-modulo-Wifi-con-bluetooth-y-camara_F.jpg\",\"datePublished\":\"2025-08-26T17:42:23+00:00\",\"dateModified\":\"2025-08-26T17:42:24+00:00\",\"breadcrumb\":{\"@id\":\"https:\/\/systisen.com\/index.php\/product\/esp32-cam-modulo-wifi-con-bluetooth-y-camara\/#breadcrumb\"},\"inLanguage\":\"es\",\"potentialAction\":[{\"@type\":\"ReadAction\",\"target\":[\"https:\/\/systisen.com\/index.php\/product\/esp32-cam-modulo-wifi-con-bluetooth-y-camara\/\"]}]},{\"@type\":\"ImageObject\",\"inLanguage\":\"es\",\"@id\":\"https:\/\/systisen.com\/index.php\/product\/esp32-cam-modulo-wifi-con-bluetooth-y-camara\/#primaryimage\",\"url\":\"https:\/\/systisen.com\/wp-content\/uploads\/2025\/08\/7.-ESP32-CAM-modulo-Wifi-con-bluetooth-y-camara_F.jpg\",\"contentUrl\":\"https:\/\/systisen.com\/wp-content\/uploads\/2025\/08\/7.-ESP32-CAM-modulo-Wifi-con-bluetooth-y-camara_F.jpg\",\"width\":1080,\"height\":1080},{\"@type\":\"BreadcrumbList\",\"@id\":\"https:\/\/systisen.com\/index.php\/product\/esp32-cam-modulo-wifi-con-bluetooth-y-camara\/#breadcrumb\",\"itemListElement\":[{\"@type\":\"ListItem\",\"position\":1,\"name\":\"Portada\",\"item\":\"https:\/\/systisen.com\/\"},{\"@type\":\"ListItem\",\"position\":2,\"name\":\"Tienda en l\u00ednea\",\"item\":\"https:\/\/systisen.com\/index.php\/tienda-en-linea\/\"},{\"@type\":\"ListItem\",\"position\":3,\"name\":\"ESP32 &#8211; CAM modulo Wifi con bluetooth y c\u00e1mara\"}]},{\"@type\":\"WebSite\",\"@id\":\"https:\/\/systisen.com\/#website\",\"url\":\"https:\/\/systisen.com\/\",\"name\":\"Systisen\",\"description\":\"Ingenier\u00eda El\u00e9ctrica y Electr\u00f3nica\",\"publisher\":{\"@id\":\"https:\/\/systisen.com\/#organization\"},\"potentialAction\":[{\"@type\":\"SearchAction\",\"target\":{\"@type\":\"EntryPoint\",\"urlTemplate\":\"https:\/\/systisen.com\/?s={search_term_string}\"},\"query-input\":{\"@type\":\"PropertyValueSpecification\",\"valueRequired\":true,\"valueName\":\"search_term_string\"}}],\"inLanguage\":\"es\"},{\"@type\":\"Organization\",\"@id\":\"https:\/\/systisen.com\/#organization\",\"name\":\"Systisen\",\"url\":\"https:\/\/systisen.com\/\",\"logo\":{\"@type\":\"ImageObject\",\"inLanguage\":\"es\",\"@id\":\"https:\/\/systisen.com\/#\/schema\/logo\/image\/\",\"url\":\"https:\/\/systisen.com\/wp-content\/uploads\/2023\/12\/cropped-logo.png\",\"contentUrl\":\"https:\/\/systisen.com\/wp-content\/uploads\/2023\/12\/cropped-logo.png\",\"width\":371,\"height\":344,\"caption\":\"Systisen\"},\"image\":{\"@id\":\"https:\/\/systisen.com\/#\/schema\/logo\/image\/\"}}]}<\/script>\n<!-- \/ Yoast SEO Premium plugin. -->","yoast_head_json":{"title":"ESP32 - CAM modulo Wifi con bluetooth y c\u00e1mara - Systisen","robots":{"index":"index","follow":"follow","max-snippet":"max-snippet:-1","max-image-preview":"max-image-preview:large","max-video-preview":"max-video-preview:-1"},"canonical":"https:\/\/systisen.com\/index.php\/product\/esp32-cam-modulo-wifi-con-bluetooth-y-camara\/","og_locale":"es_ES","og_type":"article","og_title":"ESP32 - CAM modulo Wifi con bluetooth y c\u00e1mara","og_description":"ESP32-CAM, es un dispositivo que puede llamarse un todo en uno. Aparte de la conectividad Wifi y Bluetooth que viene de f\u00e1brica, pines GPIO, se le han a\u00f1adido dos opciones m\u00e1s. Lleva integrado una peque\u00f1a c\u00e1mara de video y una conexi\u00f3n para una tarjeta MicroSD, donde podremos almacenar fotos o videos. Aplicaciones t\u00edpicas: Toma de [&hellip;]","og_url":"https:\/\/systisen.com\/index.php\/product\/esp32-cam-modulo-wifi-con-bluetooth-y-camara\/","og_site_name":"Systisen","article_modified_time":"2025-08-26T17:42:24+00:00","twitter_card":"summary_large_image","twitter_misc":{"Tiempo de lectura":"1 minuto"},"schema":{"@context":"https:\/\/schema.org","@graph":[{"@type":"WebPage","@id":"https:\/\/systisen.com\/index.php\/product\/esp32-cam-modulo-wifi-con-bluetooth-y-camara\/","url":"https:\/\/systisen.com\/index.php\/product\/esp32-cam-modulo-wifi-con-bluetooth-y-camara\/","name":"ESP32 - CAM modulo Wifi con bluetooth y c\u00e1mara - Systisen","isPartOf":{"@id":"https:\/\/systisen.com\/#website"},"primaryImageOfPage":{"@id":"https:\/\/systisen.com\/index.php\/product\/esp32-cam-modulo-wifi-con-bluetooth-y-camara\/#primaryimage"},"image":{"@id":"https:\/\/systisen.com\/index.php\/product\/esp32-cam-modulo-wifi-con-bluetooth-y-camara\/#primaryimage"},"thumbnailUrl":"https:\/\/systisen.com\/wp-content\/uploads\/2025\/08\/7.-ESP32-CAM-modulo-Wifi-con-bluetooth-y-camara_F.jpg","datePublished":"2025-08-26T17:42:23+00:00","dateModified":"2025-08-26T17:42:24+00:00","breadcrumb":{"@id":"https:\/\/systisen.com\/index.php\/product\/esp32-cam-modulo-wifi-con-bluetooth-y-camara\/#breadcrumb"},"inLanguage":"es","potentialAction":[{"@type":"ReadAction","target":["https:\/\/systisen.com\/index.php\/product\/esp32-cam-modulo-wifi-con-bluetooth-y-camara\/"]}]},{"@type":"ImageObject","inLanguage":"es","@id":"https:\/\/systisen.com\/index.php\/product\/esp32-cam-modulo-wifi-con-bluetooth-y-camara\/#primaryimage","url":"https:\/\/systisen.com\/wp-content\/uploads\/2025\/08\/7.-ESP32-CAM-modulo-Wifi-con-bluetooth-y-camara_F.jpg","contentUrl":"https:\/\/systisen.com\/wp-content\/uploads\/2025\/08\/7.-ESP32-CAM-modulo-Wifi-con-bluetooth-y-camara_F.jpg","width":1080,"height":1080},{"@type":"BreadcrumbList","@id":"https:\/\/systisen.com\/index.php\/product\/esp32-cam-modulo-wifi-con-bluetooth-y-camara\/#breadcrumb","itemListElement":[{"@type":"ListItem","position":1,"name":"Portada","item":"https:\/\/systisen.com\/"},{"@type":"ListItem","position":2,"name":"Tienda en l\u00ednea","item":"https:\/\/systisen.com\/index.php\/tienda-en-linea\/"},{"@type":"ListItem","position":3,"name":"ESP32 &#8211; CAM modulo Wifi con bluetooth y c\u00e1mara"}]},{"@type":"WebSite","@id":"https:\/\/systisen.com\/#website","url":"https:\/\/systisen.com\/","name":"Systisen","description":"Ingenier\u00eda El\u00e9ctrica y Electr\u00f3nica","publisher":{"@id":"https:\/\/systisen.com\/#organization"},"potentialAction":[{"@type":"SearchAction","target":{"@type":"EntryPoint","urlTemplate":"https:\/\/systisen.com\/?s={search_term_string}"},"query-input":{"@type":"PropertyValueSpecification","valueRequired":true,"valueName":"search_term_string"}}],"inLanguage":"es"},{"@type":"Organization","@id":"https:\/\/systisen.com\/#organization","name":"Systisen","url":"https:\/\/systisen.com\/","logo":{"@type":"ImageObject","inLanguage":"es","@id":"https:\/\/systisen.com\/#\/schema\/logo\/image\/","url":"https:\/\/systisen.com\/wp-content\/uploads\/2023\/12\/cropped-logo.png","contentUrl":"https:\/\/systisen.com\/wp-content\/uploads\/2023\/12\/cropped-logo.png","width":371,"height":344,"caption":"Systisen"},"image":{"@id":"https:\/\/systisen.com\/#\/schema\/logo\/image\/"}}]}},"_links":{"self":[{"href":"https:\/\/systisen.com\/index.php\/wp-json\/wp\/v2\/product\/1234","targetHints":{"allow":["GET"]}}],"collection":[{"href":"https:\/\/systisen.com\/index.php\/wp-json\/wp\/v2\/product"}],"about":[{"href":"https:\/\/systisen.com\/index.php\/wp-json\/wp\/v2\/types\/product"}],"wp:featuredmedia":[{"embeddable":true,"href":"https:\/\/systisen.com\/index.php\/wp-json\/wp\/v2\/media\/1136"}],"wp:attachment":[{"href":"https:\/\/systisen.com\/index.php\/wp-json\/wp\/v2\/media?parent=1234"}],"wp:term":[{"taxonomy":"product_brand","embeddable":true,"href":"https:\/\/systisen.com\/index.php\/wp-json\/wp\/v2\/product_brand?post=1234"},{"taxonomy":"product_cat","embeddable":true,"href":"https:\/\/systisen.com\/index.php\/wp-json\/wp\/v2\/product_cat?post=1234"},{"taxonomy":"product_tag","embeddable":true,"href":"https:\/\/systisen.com\/index.php\/wp-json\/wp\/v2\/product_tag?post=1234"}],"curies":[{"name":"wp","href":"https:\/\/api.w.org\/{rel}","templated":true}]}}