{"id":1260,"date":"2025-08-26T12:42:54","date_gmt":"2025-08-26T17:42:54","guid":{"rendered":"https:\/\/systisen.com\/index.php\/product\/osciloscopio-rigol-200-mhz-2-ch\/"},"modified":"2025-09-01T13:49:01","modified_gmt":"2025-09-01T18:49:01","slug":"osciloscopio-rigol-200-mhz-2-ch","status":"publish","type":"product","link":"https:\/\/systisen.com\/index.php\/product\/osciloscopio-rigol-200-mhz-2-ch\/","title":{"rendered":"Osciloscopio Rigol 200 Mhz 2 Ch"},"content":{"rendered":"<p>Osciloscopio digital RIGOL de 2 canales, ancho de banda 200 MHz, pantalla de 7 pulgadas 800&#215;480 pixeles, frecuencia de muestreo 1GS\/s, puerto USB.<br \/>\nIdeal para sistemas UHF\/VHF; alta frecuencia.<\/p>\n<p>Especificaciones t\u00e9cnicas:<br \/>\nAncho de banda: 1-200MHz<br \/>\nN\u00famero de canales: 2<br \/>\nTasa de muestreo: 1 GS\/s<br \/>\nTiempo de respuesta: menor o igual 3.5 ns<br \/>\nEscala Horizontal: 2ns\/div \u2013 1000 s\/div, pasos de 1- 2-5<br \/>\nPantalla: 7 pulg, color LCD, 800&#215;480 pixeles<br \/>\nCanales: 2 canales<br \/>\nAcoplamiento: DC-AC-Ground<br \/>\nImpedancia de entrada: 1Mohmio \u00b12%, en paraelo con 20 pF\u00b1 5pf<br \/>\nM\u00e1ximo voltaje de entrada: 400 V ac\/dc (Pico-Pico)<br \/>\nGanancia DC: \u00b13%<br \/>\nAlmacenamiento: 10K<br \/>\nSensibilidad Vertical: 5 mv\/div \u2013 5 V\/div<br \/>\nTipo Trigger: Edge- Video<br \/>\nModo Trigger: Autom\u00e1tico, normal, simmple<br \/>\nFunciones: Periodo, frecuencia, Promedio, Valor Pico Pico, RMS, Valor M\u00e1ximo, Valor M\u00ednimo. Base, Amplitud, Sobrepico, subpico, Tiempo de rizado, Tiempo de falla, +Pulso activo, -Pulso activo, Ciclo, +Ciclo, -Clico, Delay, Ciclo RMS, Area, Rise Edge<br \/>\nFunciones matem\u00e1ticas: suma, resta, multiplicaci\u00f3n, divisi\u00f3n, FFT<br \/>\nPuerto de comunicaci\u00f3n: USB 2.0<br \/>\nVoltaje: 100-240 Vac, 50\/60 Hz, Clase II<\/p>\n<p>Incluye:   <\/p>\n<p>1 Osciloscopio Rigol 200 Mhz, 2Ch<br \/>\n2 Sonda de medici\u00f3n<br \/>\n 1 Cable USB<br \/>\n 1 Manual de usuario<\/p>\n","protected":false},"excerpt":{"rendered":"<p>Osciloscopio digital RIGOL de 2 canales, ancho de banda 200 MHz, pantalla de 7 pulgadas 800&#215;480 pixeles, frecuencia de muestreo 1GS\/s, puerto USB. Ideal para sistemas UHF\/VHF; alta frecuencia. Especificaciones t\u00e9cnicas: Ancho de banda: 1-200MHz N\u00famero de canales: 2 Tasa de muestreo: 1 GS\/s Tiempo de respuesta: menor o igual 3.5 ns Escala Horizontal: 2ns\/div [&hellip;]<\/p>\n","protected":false},"featured_media":1158,"template":"","meta":{"site-sidebar-layout":"default","site-content-layout":"","ast-site-content-layout":"default","site-content-style":"default","site-sidebar-style":"default","ast-global-header-display":"","ast-banner-title-visibility":"","ast-main-header-display":"","ast-hfb-above-header-display":"","ast-hfb-below-header-display":"","ast-hfb-mobile-header-display":"","site-post-title":"","ast-breadcrumbs-content":"","ast-featured-img":"","footer-sml-layout":"","theme-transparent-header-meta":"","adv-header-id-meta":"","stick-header-meta":"","header-above-stick-meta":"","header-main-stick-meta":"","header-below-stick-meta":"","astra-migrate-meta-layouts":"default","ast-page-background-enabled":"default","ast-page-background-meta":{"desktop":{"background-color":"var(--ast-global-color-4)","background-image":"","background-repeat":"repeat","background-position":"center center","background-size":"auto","background-attachment":"scroll","background-type":"","background-media":"","overlay-type":"","overlay-color":"","overlay-opacity":"","overlay-gradient":""},"tablet":{"background-color":"","background-image":"","background-repeat":"repeat","background-position":"center center","background-size":"auto","background-attachment":"scroll","background-type":"","background-media":"","overlay-type":"","overlay-color":"","overlay-opacity":"","overlay-gradient":""},"mobile":{"background-color":"","background-image":"","background-repeat":"repeat","background-position":"center center","background-size":"auto","background-attachment":"scroll","background-type":"","background-media":"","overlay-type":"","overlay-color":"","overlay-opacity":"","overlay-gradient":""}},"ast-content-background-meta":{"desktop":{"background-color":"var(--ast-global-color-5)","background-image":"","background-repeat":"repeat","background-position":"center center","background-size":"auto","background-attachment":"scroll","background-type":"","background-media":"","overlay-type":"","overlay-color":"","overlay-opacity":"","overlay-gradient":""},"tablet":{"background-color":"var(--ast-global-color-5)","background-image":"","background-repeat":"repeat","background-position":"center center","background-size":"auto","background-attachment":"scroll","background-type":"","background-media":"","overlay-type":"","overlay-color":"","overlay-opacity":"","overlay-gradient":""},"mobile":{"background-color":"var(--ast-global-color-5)","background-image":"","background-repeat":"repeat","background-position":"center center","background-size":"auto","background-attachment":"scroll","background-type":"","background-media":"","overlay-type":"","overlay-color":"","overlay-opacity":"","overlay-gradient":""}},"_joinchat":[]},"product_brand":[],"product_cat":[84],"product_tag":[66],"class_list":{"0":"post-1260","1":"product","2":"type-product","3":"status-publish","4":"has-post-thumbnail","6":"product_cat-equipos-de-medicion","7":"product_tag-osciloscopio-rigol-200-mhz-2-ch","8":"desktop-align-left","9":"tablet-align-left","10":"mobile-align-left","12":"first","13":"instock","14":"taxable","15":"shipping-taxable","16":"purchasable","17":"product-type-simple"},"yoast_head":"<!-- This site is optimized with the Yoast SEO Premium plugin v21.5 (Yoast SEO v25.7) - https:\/\/yoast.com\/wordpress\/plugins\/seo\/ -->\n<title>Osciloscopio Rigol 200 Mhz 2 Ch - Systisen<\/title>\n<meta name=\"robots\" content=\"index, follow, max-snippet:-1, max-image-preview:large, max-video-preview:-1\" \/>\n<link rel=\"canonical\" href=\"https:\/\/systisen.com\/index.php\/product\/osciloscopio-rigol-200-mhz-2-ch\/\" \/>\n<meta property=\"og:locale\" content=\"es_ES\" \/>\n<meta property=\"og:type\" content=\"article\" \/>\n<meta property=\"og:title\" content=\"Osciloscopio Rigol 200 Mhz 2 Ch\" \/>\n<meta property=\"og:description\" content=\"Osciloscopio digital RIGOL de 2 canales, ancho de banda 200 MHz, pantalla de 7 pulgadas 800&#215;480 pixeles, frecuencia de muestreo 1GS\/s, puerto USB. Ideal para sistemas UHF\/VHF; alta frecuencia. Especificaciones t\u00e9cnicas: Ancho de banda: 1-200MHz N\u00famero de canales: 2 Tasa de muestreo: 1 GS\/s Tiempo de respuesta: menor o igual 3.5 ns Escala Horizontal: 2ns\/div [&hellip;]\" \/>\n<meta property=\"og:url\" content=\"https:\/\/systisen.com\/index.php\/product\/osciloscopio-rigol-200-mhz-2-ch\/\" \/>\n<meta property=\"og:site_name\" content=\"Systisen\" \/>\n<meta property=\"article:modified_time\" content=\"2025-09-01T18:49:01+00:00\" \/>\n<meta property=\"og:image\" content=\"http:\/\/systisen.com\/wp-content\/uploads\/2025\/08\/34.-Oscilocopio-Rigol-200-Mhz-2-Ch_F.jpg\" \/>\n\t<meta property=\"og:image:width\" content=\"1080\" \/>\n\t<meta property=\"og:image:height\" content=\"1080\" \/>\n\t<meta property=\"og:image:type\" content=\"image\/jpeg\" \/>\n<meta name=\"twitter:card\" content=\"summary_large_image\" \/>\n<meta name=\"twitter:label1\" content=\"Tiempo de lectura\" \/>\n\t<meta name=\"twitter:data1\" content=\"1 minuto\" \/>\n<script type=\"application\/ld+json\" class=\"yoast-schema-graph\">{\"@context\":\"https:\/\/schema.org\",\"@graph\":[{\"@type\":\"WebPage\",\"@id\":\"https:\/\/systisen.com\/index.php\/product\/osciloscopio-rigol-200-mhz-2-ch\/\",\"url\":\"https:\/\/systisen.com\/index.php\/product\/osciloscopio-rigol-200-mhz-2-ch\/\",\"name\":\"Osciloscopio Rigol 200 Mhz 2 Ch - Systisen\",\"isPartOf\":{\"@id\":\"https:\/\/systisen.com\/#website\"},\"primaryImageOfPage\":{\"@id\":\"https:\/\/systisen.com\/index.php\/product\/osciloscopio-rigol-200-mhz-2-ch\/#primaryimage\"},\"image\":{\"@id\":\"https:\/\/systisen.com\/index.php\/product\/osciloscopio-rigol-200-mhz-2-ch\/#primaryimage\"},\"thumbnailUrl\":\"https:\/\/systisen.com\/wp-content\/uploads\/2025\/08\/34.-Oscilocopio-Rigol-200-Mhz-2-Ch_F.jpg\",\"datePublished\":\"2025-08-26T17:42:54+00:00\",\"dateModified\":\"2025-09-01T18:49:01+00:00\",\"breadcrumb\":{\"@id\":\"https:\/\/systisen.com\/index.php\/product\/osciloscopio-rigol-200-mhz-2-ch\/#breadcrumb\"},\"inLanguage\":\"es\",\"potentialAction\":[{\"@type\":\"ReadAction\",\"target\":[\"https:\/\/systisen.com\/index.php\/product\/osciloscopio-rigol-200-mhz-2-ch\/\"]}]},{\"@type\":\"ImageObject\",\"inLanguage\":\"es\",\"@id\":\"https:\/\/systisen.com\/index.php\/product\/osciloscopio-rigol-200-mhz-2-ch\/#primaryimage\",\"url\":\"https:\/\/systisen.com\/wp-content\/uploads\/2025\/08\/34.-Oscilocopio-Rigol-200-Mhz-2-Ch_F.jpg\",\"contentUrl\":\"https:\/\/systisen.com\/wp-content\/uploads\/2025\/08\/34.-Oscilocopio-Rigol-200-Mhz-2-Ch_F.jpg\",\"width\":1080,\"height\":1080},{\"@type\":\"BreadcrumbList\",\"@id\":\"https:\/\/systisen.com\/index.php\/product\/osciloscopio-rigol-200-mhz-2-ch\/#breadcrumb\",\"itemListElement\":[{\"@type\":\"ListItem\",\"position\":1,\"name\":\"Portada\",\"item\":\"https:\/\/systisen.com\/\"},{\"@type\":\"ListItem\",\"position\":2,\"name\":\"Tienda en l\u00ednea\",\"item\":\"https:\/\/systisen.com\/index.php\/tienda-en-linea\/\"},{\"@type\":\"ListItem\",\"position\":3,\"name\":\"Osciloscopio Rigol 200 Mhz 2 Ch\"}]},{\"@type\":\"WebSite\",\"@id\":\"https:\/\/systisen.com\/#website\",\"url\":\"https:\/\/systisen.com\/\",\"name\":\"Systisen\",\"description\":\"Ingenier\u00eda El\u00e9ctrica y Electr\u00f3nica\",\"publisher\":{\"@id\":\"https:\/\/systisen.com\/#organization\"},\"potentialAction\":[{\"@type\":\"SearchAction\",\"target\":{\"@type\":\"EntryPoint\",\"urlTemplate\":\"https:\/\/systisen.com\/?s={search_term_string}\"},\"query-input\":{\"@type\":\"PropertyValueSpecification\",\"valueRequired\":true,\"valueName\":\"search_term_string\"}}],\"inLanguage\":\"es\"},{\"@type\":\"Organization\",\"@id\":\"https:\/\/systisen.com\/#organization\",\"name\":\"Systisen\",\"url\":\"https:\/\/systisen.com\/\",\"logo\":{\"@type\":\"ImageObject\",\"inLanguage\":\"es\",\"@id\":\"https:\/\/systisen.com\/#\/schema\/logo\/image\/\",\"url\":\"https:\/\/systisen.com\/wp-content\/uploads\/2023\/12\/cropped-logo.png\",\"contentUrl\":\"https:\/\/systisen.com\/wp-content\/uploads\/2023\/12\/cropped-logo.png\",\"width\":371,\"height\":344,\"caption\":\"Systisen\"},\"image\":{\"@id\":\"https:\/\/systisen.com\/#\/schema\/logo\/image\/\"}}]}<\/script>\n<!-- \/ Yoast SEO Premium plugin. -->","yoast_head_json":{"title":"Osciloscopio Rigol 200 Mhz 2 Ch - Systisen","robots":{"index":"index","follow":"follow","max-snippet":"max-snippet:-1","max-image-preview":"max-image-preview:large","max-video-preview":"max-video-preview:-1"},"canonical":"https:\/\/systisen.com\/index.php\/product\/osciloscopio-rigol-200-mhz-2-ch\/","og_locale":"es_ES","og_type":"article","og_title":"Osciloscopio Rigol 200 Mhz 2 Ch","og_description":"Osciloscopio digital RIGOL de 2 canales, ancho de banda 200 MHz, pantalla de 7 pulgadas 800&#215;480 pixeles, frecuencia de muestreo 1GS\/s, puerto USB. Ideal para sistemas UHF\/VHF; alta frecuencia. Especificaciones t\u00e9cnicas: Ancho de banda: 1-200MHz N\u00famero de canales: 2 Tasa de muestreo: 1 GS\/s Tiempo de respuesta: menor o igual 3.5 ns Escala Horizontal: 2ns\/div [&hellip;]","og_url":"https:\/\/systisen.com\/index.php\/product\/osciloscopio-rigol-200-mhz-2-ch\/","og_site_name":"Systisen","article_modified_time":"2025-09-01T18:49:01+00:00","og_image":[{"width":1080,"height":1080,"url":"http:\/\/systisen.com\/wp-content\/uploads\/2025\/08\/34.-Oscilocopio-Rigol-200-Mhz-2-Ch_F.jpg","type":"image\/jpeg"}],"twitter_card":"summary_large_image","twitter_misc":{"Tiempo de lectura":"1 minuto"},"schema":{"@context":"https:\/\/schema.org","@graph":[{"@type":"WebPage","@id":"https:\/\/systisen.com\/index.php\/product\/osciloscopio-rigol-200-mhz-2-ch\/","url":"https:\/\/systisen.com\/index.php\/product\/osciloscopio-rigol-200-mhz-2-ch\/","name":"Osciloscopio Rigol 200 Mhz 2 Ch - Systisen","isPartOf":{"@id":"https:\/\/systisen.com\/#website"},"primaryImageOfPage":{"@id":"https:\/\/systisen.com\/index.php\/product\/osciloscopio-rigol-200-mhz-2-ch\/#primaryimage"},"image":{"@id":"https:\/\/systisen.com\/index.php\/product\/osciloscopio-rigol-200-mhz-2-ch\/#primaryimage"},"thumbnailUrl":"https:\/\/systisen.com\/wp-content\/uploads\/2025\/08\/34.-Oscilocopio-Rigol-200-Mhz-2-Ch_F.jpg","datePublished":"2025-08-26T17:42:54+00:00","dateModified":"2025-09-01T18:49:01+00:00","breadcrumb":{"@id":"https:\/\/systisen.com\/index.php\/product\/osciloscopio-rigol-200-mhz-2-ch\/#breadcrumb"},"inLanguage":"es","potentialAction":[{"@type":"ReadAction","target":["https:\/\/systisen.com\/index.php\/product\/osciloscopio-rigol-200-mhz-2-ch\/"]}]},{"@type":"ImageObject","inLanguage":"es","@id":"https:\/\/systisen.com\/index.php\/product\/osciloscopio-rigol-200-mhz-2-ch\/#primaryimage","url":"https:\/\/systisen.com\/wp-content\/uploads\/2025\/08\/34.-Oscilocopio-Rigol-200-Mhz-2-Ch_F.jpg","contentUrl":"https:\/\/systisen.com\/wp-content\/uploads\/2025\/08\/34.-Oscilocopio-Rigol-200-Mhz-2-Ch_F.jpg","width":1080,"height":1080},{"@type":"BreadcrumbList","@id":"https:\/\/systisen.com\/index.php\/product\/osciloscopio-rigol-200-mhz-2-ch\/#breadcrumb","itemListElement":[{"@type":"ListItem","position":1,"name":"Portada","item":"https:\/\/systisen.com\/"},{"@type":"ListItem","position":2,"name":"Tienda en l\u00ednea","item":"https:\/\/systisen.com\/index.php\/tienda-en-linea\/"},{"@type":"ListItem","position":3,"name":"Osciloscopio Rigol 200 Mhz 2 Ch"}]},{"@type":"WebSite","@id":"https:\/\/systisen.com\/#website","url":"https:\/\/systisen.com\/","name":"Systisen","description":"Ingenier\u00eda El\u00e9ctrica y Electr\u00f3nica","publisher":{"@id":"https:\/\/systisen.com\/#organization"},"potentialAction":[{"@type":"SearchAction","target":{"@type":"EntryPoint","urlTemplate":"https:\/\/systisen.com\/?s={search_term_string}"},"query-input":{"@type":"PropertyValueSpecification","valueRequired":true,"valueName":"search_term_string"}}],"inLanguage":"es"},{"@type":"Organization","@id":"https:\/\/systisen.com\/#organization","name":"Systisen","url":"https:\/\/systisen.com\/","logo":{"@type":"ImageObject","inLanguage":"es","@id":"https:\/\/systisen.com\/#\/schema\/logo\/image\/","url":"https:\/\/systisen.com\/wp-content\/uploads\/2023\/12\/cropped-logo.png","contentUrl":"https:\/\/systisen.com\/wp-content\/uploads\/2023\/12\/cropped-logo.png","width":371,"height":344,"caption":"Systisen"},"image":{"@id":"https:\/\/systisen.com\/#\/schema\/logo\/image\/"}}]}},"_links":{"self":[{"href":"https:\/\/systisen.com\/index.php\/wp-json\/wp\/v2\/product\/1260","targetHints":{"allow":["GET"]}}],"collection":[{"href":"https:\/\/systisen.com\/index.php\/wp-json\/wp\/v2\/product"}],"about":[{"href":"https:\/\/systisen.com\/index.php\/wp-json\/wp\/v2\/types\/product"}],"wp:featuredmedia":[{"embeddable":true,"href":"https:\/\/systisen.com\/index.php\/wp-json\/wp\/v2\/media\/1158"}],"wp:attachment":[{"href":"https:\/\/systisen.com\/index.php\/wp-json\/wp\/v2\/media?parent=1260"}],"wp:term":[{"taxonomy":"product_brand","embeddable":true,"href":"https:\/\/systisen.com\/index.php\/wp-json\/wp\/v2\/product_brand?post=1260"},{"taxonomy":"product_cat","embeddable":true,"href":"https:\/\/systisen.com\/index.php\/wp-json\/wp\/v2\/product_cat?post=1260"},{"taxonomy":"product_tag","embeddable":true,"href":"https:\/\/systisen.com\/index.php\/wp-json\/wp\/v2\/product_tag?post=1260"}],"curies":[{"name":"wp","href":"https:\/\/api.w.org\/{rel}","templated":true}]}}